e the highest common divisor of 37789 and 16399.
713
Calculate the greatest common factor of 39440 and 807296.
272
What is the highest common divisor of 11252177 and 128950?
2579
Calculate the greatest common factor of 408 and 3552312.
24
Calculate the greatest common factor of 5790246 and 118524.
3486
What is the highest common factor of 9087 and 10344?
3
What is the greatest common factor of 22440 and 58091?
11
Calculate the highest common factor of 624 and 100589872.
16
What is the highest common divisor of 181882 and 250842?
862
Calculate the highest common factor of 23016116 and 9820.
1964
Calculate the greatest common factor of 188188 and 15031016.
4004
Calculate the greatest common divisor of 10533258 and 111849.
4863
What is the highest common factor of 408 and 94951392?
408
What is the greatest common factor of 30749 and 77031?
317
Calculate the highest common factor of 1240295 and 280.
35
Calculate the highest common divisor of 17693 and 3093553.
1361
Calculate the greatest common divisor of 4804332 and 620678.
4738
Calculate the highest common divisor of 4234791 and 825.
33
Calculate the greatest common divisor of 3192 and 1040136.
456
What is the greatest common factor of 533 and 4179747?
13
What is the greatest common factor of 14 and 2575152?
2
What is the highest common divisor of 16103056 and 24?
8
What is the greatest common divisor of 84 and 3832353?
21
Calculate the highest common divisor of 3203629 and 3289.
143
What is the highest common factor of 38950523 and 713?
23
What is the highest common factor of 1486967 and 791?
113
What is the highest common divisor of 500 and 19091625?
125
What is the highest common divisor of 376 and 24289036?
188
What is the greatest common factor of 195360 and 31080?
4440
Calculate the greatest common divisor of 1758 and 32722240.
586
Calculate the greatest common factor of 224 and 237818.
14
Calculate the highest common divisor of 4200 and 23050104.
168
Calculate the highest common divisor of 712790 and 110240.
130
Calculate the greatest common factor of 28420 and 76386.
58
What is the highest common divisor of 2996 and 86096?
4
Calculate the greatest common divisor of 3563 and 2765.
7
Calculate the greatest common factor of 5583 and 67993.
1
What is the greatest common factor of 13274221 and 1899?
211
Calculate the highest common divisor of 2697 and 3351849.
87
What is the highest common factor of 143766 and 2283498?
882
Calculate the greatest common factor of 294 and 994553.
49
Calculate the greatest common divisor of 170 and 25293910.
10
Calculate the highest common factor of 2214 and 499848.
6
Calculate the greatest common divisor of 40265 and 880.
5
What is the greatest common divisor of 2868 and 2057268?
12
What is the greatest common factor of 22 and 442038784?
22
What is the greatest common divisor of 3854 and 278902418?
3854
Calculate the greatest common factor of 685856928 and 12.
12
What is the greatest common factor of 204 and 988416516?
204
What is the highest common divisor of 2863328 and 16009858?
13766
Calculate the highest common factor of 732088 and 232288.
952
What is the greatest common factor of 1041916 and 7676?
404
What is the greatest common divisor of 89249004 and 2964?
2964
What is the greatest common divisor of 188 and 4676359?
47
What is the highest common factor of 1706335 and 3180?
265
Calculate the highest common divisor of 9693 and 5000511.
1077
What is the highest common factor of 11490039 and 429?
33
What is the highest common factor of 37208970 and 27174?
3882
Calculate the highest common divisor of 8231580 and 231.
21
What is the greatest common divisor of 4196 and 4746725?
1049
Calculate the highest common divisor of 131327801 and 11.
11
What is the greatest common factor of 29503872 and 8?
8
Calculate the greatest common factor of 13395231 and 387.
387
What is the greatest common factor of 1442 and 24262?
14
Calculate the greatest common divisor of 408 and 30813996.
204
Calculate the greatest common factor of 174135 and 4160.
65
What is the greatest common factor of 35418 and 78?
6
What is the highest common divisor of 22314506 and 430?
86
Calculate the greatest common divisor of 2 and 43346.
2
Calculate the highest common divisor of 5088 and 474816.
96
What is the greatest common factor of 1342 and 292171517?
671
Calculate the greatest common factor of 121432605 and 105.
105
Calculate the highest common factor of 884 and 2215330.
26
What is the greatest common factor of 15772641 and 36708?
1311
What is the greatest common factor of 207957 and 838317?
309
What is the highest common divisor of 137411 and 134402?
1003
Calculate the greatest common factor of 20999 and 219604.
253
Calculate the highest common factor of 10624365 and 990.
45
What is the greatest common divisor of 1305 and 287325?
45
Calculate the greatest common divisor of 56516 and 1900052.
796
What is the highest common factor of 8420702 and 856126?
12778
Calculate the highest common factor of 3473652 and 7098.
546
What is the greatest common factor of 594 and 4347783?
297
Calculate the highest common divisor of 16 and 49692976.
16
What is the highest common divisor of 21318 and 3677542?
374
Calculate the highest common divisor of 12009874 and 3158.
3158
Calculate the greatest common divisor of 85833582 and 7626.
246
What is the highest common factor of 15000334 and 241762?
2218
Calculate the highest common factor of 32410 and 10167480.
4630
What is the highest common divisor of 89800153 and 8758?
4379
What is the highest common divisor of 1379083819 and 547?
547
Calculate the highest common factor of 40722310 and 850.
170
What is the highest common factor of 104291 and 15675?
209
Calculate the highest common divisor of 95 and 20723908.
19
Calculate the greatest common divisor of 44921675 and 332.
83
Calculate the greatest common divisor of 27 and 21261069.
27
What is the highest common divisor of 4066213296 and 96?
48
Calculate the highest common divisor of 2810862 and 1062.
18
What is the highest common divisor of 10221369 and 783?
87
What is the greatest common factor of 40 and 30234460?
20
What is the greatest common divisor of 277018 and 16826?
94
Calculate the greatest common divisor of 65700 and 52125.
75
What is the greatest common factor of 1172724 and 8988?
84
What is the greatest common divisor of 1856 and 1364218?
58
Calculate the greatest common factor of 1911 and 248871.
147
Calculate the highest common factor of 61915500 and 18000.
4500
Calculate the highest common factor of 3670 and 3143730.
10
What is the greatest common divisor of 6056620 and 20?
20
What is the highest common divisor of 1446717 and 919581?
969
Calculate the highest common divisor of 122075890 and 13848.
1154
Calculate the highest common factor of 7670 and 48457290.
590
What is the highest common divisor of 13878 and 3463332?
1542
What is the highest common divisor of 4692 and 20682796?
92
What is the greatest common factor of 6687 and 285928690?
743
What is the greatest common divisor of 1 and 2983367?
1
Calculate the greatest common divisor of 5478 and 72603586.
1826
Calculate the greatest common divisor of 9631486 and 1494.
166
What is the greatest common factor of 18 and 473901?
3
What is the greatest common factor of 125366304 and 5568?
2784
Calculate the greatest common factor of 3464079 and 295191.
2523
Calculate the highest common divisor of 30050 and 11510.
10
What is the greatest common factor of 24328701 and 297?
27
What is the greatest common divisor of 806 and 3188164?
62
What is the highest common divisor of 3710 and 324520?
70
Calculate the highest common divisor of 525677712 and 336.
336
Calculate the highest common factor of 52 and 3971357.
13
What is the highest common factor of 2005370 and 41170?
230
Calculate the highest common factor of 500 and 1357804.
4
Calculate the highest common factor of 1330 and 167706350.
1330
What is the greatest common divisor of 168211598 and 4978?
4978
Calculate the highest common factor of 10246838 and 188294.
6074
Calculate the greatest common divisor of 4097 and 590308.
17
What is the highest common divisor of 8372027 and 148?
37
Calculate the greatest common factor of 3092 and 16460262.
1546
What is the greatest common divisor of 228320170 and 260?
1